 of 234723.
3, 78241
What are the prime factors of 7584343?
13, 47, 12413
List the prime factors of 2293087.
71, 32297
What are the prime factors of 409486?
2, 7, 11, 2659
List the prime factors of 3718857.
3, 1239619
List the prime factors of 134715.
3, 5, 7, 1283
List the prime factors of 120749.
120749
What are the prime factors of 669522?
2, 3, 7, 19, 839
What are the prime factors of 336286?
2, 168143
What are the prime factors of 420186?
2, 3, 13, 5387
List the prime factors of 260781.
3, 86927
List the prime factors of 815375.
5, 11, 593
List the prime factors of 480095.
5, 7, 11, 29, 43
What are the prime factors of 18891?
3, 2099
List the prime factors of 8550589.
19, 37, 12163
What are the prime factors of 8996623?
71, 126713
List the prime factors of 139088.
2, 8693
List the prime factors of 129457.
129457
What are the prime factors of 466923?
3, 23, 67, 101
List the prime factors of 3102372.
2, 3, 7, 13, 947
What are the prime factors of 1631373?
3, 543791
List the prime factors of 163847.
163847
List the prime factors of 6383284.
2, 61, 26161
List the prime factors of 23726193.
3, 19, 416249
What are the prime factors of 1259387?
971, 1297
What are the prime factors of 20012682?
2, 3, 59, 56533
List the prime factors of 8469246.
2, 3, 1411541
What are the prime factors of 69023?
23, 3001
List the prime factors of 23021400.
2, 3, 5, 17, 37, 61
List the prime factors of 2257953.
3, 752651
List the prime factors of 1370495.
5, 7, 39157
What are the prime factors of 3625827?
3, 19, 63611
What are the prime factors of 213811?
13, 16447
What are the prime factors of 26007334?
2, 151, 86117
What are the prime factors of 33104?
2, 2069
What are the prime factors of 89384?
2, 11173
What are the prime factors of 2212760?
2, 5, 11, 47, 107
What are the prime factors of 283018?
2, 141509
What are the prime factors of 131010?
2, 3, 5, 11, 397
List the prime factors of 6614085.
3, 5, 440939
What are the prime factors of 4850893?
1483, 3271
What are the prime factors of 12882250?
2, 5, 227
List the prime factors of 3540399.
3, 1180133
What are the prime factors of 2673854?
2, 1336927
What are the prime factors of 1705957?
11, 155087
What are the prime factors of 45426?
2, 3, 67, 113
List the prime factors of 535969.
7, 23, 3329
What are the prime factors of 1116935?
5, 29, 7703
What are the prime factors of 622084?
2, 155521
What are the prime factors of 534068?
2, 31, 59, 73
List the prime factors of 651742.
2, 7, 13, 3581
List the prime factors of 437966.
2, 23, 9521
What are the prime factors of 112237?
112237
What are the prime factors of 478050?
2, 3, 5, 3187
List the prime factors of 6031722.
2, 3, 1005287
List the prime factors of 7335779.
11, 666889
What are the prime factors of 1698709?
1698709
What are the prime factors of 127749?
3, 97, 439
What are the prime factors of 3126949?
7, 587, 761
List the prime factors of 4008128.
2, 62627
What are the prime factors of 19571604?
2, 3, 13, 109, 1151
What are the prime factors of 14398445?
5, 71, 40559
What are the prime factors of 1821576?
2, 3, 71, 1069
List the prime factors of 50031.
3, 17, 109
What are the prime factors of 156140?
2, 5, 37, 211
What are the prime factors of 6849932?
2, 53, 79, 409
What are the prime factors of 187000?
2, 5, 11, 17
List the prime factors of 729451.
729451
List the prime factors of 13248595.
5, 47, 56377
List the prime factors of 1203605.
5, 13, 18517
List the prime factors of 48686.
2, 11, 2213
List the prime factors of 447179.
447179
What are the prime factors of 820546?
2, 53, 7741
What are the prime factors of 772792?
2, 29, 3331
List the prime factors of 54977.
13, 4229
What are the prime factors of 6201339?
3, 547, 3779
What are the prime factors of 3800900?
2, 5, 191, 199
List the prime factors of 2660892.
2, 3, 13, 37, 461
List the prime factors of 27866643.
3, 7, 163, 1163
List the prime factors of 362728.
2, 45341
List the prime factors of 1099687.
1099687
List the prime factors of 171405.
3, 5, 13, 293
List the prime factors of 118385.
5, 23677
List the prime factors of 25473537.
3, 31, 91303
What are the prime factors of 270517?
13, 20809
List the prime factors of 1866728.
2, 233341
List the prime factors of 1026279.
3, 114031
List the prime factors of 80022.
2, 3, 13337
What are the prime factors of 2608597?
1483, 1759
What are the prime factors of 30466770?
2, 3, 5, 1015559
What are the prime factors of 24932144?
2, 571, 2729
What are the prime factors of 59381?
7, 17, 499
What are the prime factors of 256379?
449, 571
What are the prime factors of 18284432?
2, 1142777
List the prime factors of 784629.
3, 87181
What are the prime factors of 1440949?
1440949
List the prime factors of 149077.
149077
List the prime factors of 3051928.
2, 11, 79, 439
What are the prime factors of 52937?
52937
List the prime factors of 1027558.
2, 7, 19, 3863
List the prime factors of 2051460.
2, 3, 5, 29, 131
What are the prime factors of 90792?
2, 3, 13, 97
What are the prime factors of 15993914?
2, 7996957
What are the prime factors of 366169?
366169
List the prime factors of 1878879.
3, 31, 89, 227
What are the prime factors of 1481047?
1481047
What are the prime factors of 95367?
3, 83, 383
List the prime factors of 1152511.
101, 11411
List the prime factors of 656264.
2, 7, 11719
What are the prime factors of 568354?
2, 31, 89, 103
What are the prime factors of 1414188?
2, 3, 163, 241
What are the prime factors of 180200?
2, 5, 17, 53
List the prime factors of 25872.
2, 3, 7, 11
What are the prime factors of 1468276?
2, 367069
What are the prime factors of 233296?
2, 7, 2083
List the prime factors of 145767.
3, 48589
What are the prime factors of 3017870?
2, 5, 47, 6421
What are the prime factors of 3253123?
19, 131, 1307
What are the prime factors of 3864984?
2, 3, 17, 9473
List the prime factors of 1415507.
1415507
List the prime factors of 3717036.
2, 3, 127, 271
What are the prime factors of 248015?
5, 49603
What are the prime factors of 3563038?
2, 1781519
List the prime factors of 25243266.
2, 3, 17, 263, 941
List the prime factors of 7999199.
13, 229, 2687
What are the prime factors of 468111?
3, 7, 22291
List the prime factors of 1032014.
2, 199, 2593
List the prime factors of 212769.
3, 47, 503
List the prime factors of 4536742.
2, 7, 324053
List the prime factors of 3132397.
19, 8677
What are the prime factors of 672672?
2, 3, 7, 11, 13
List the prime factors of 15663485.
5, 163, 19219
List the prime factors of 3964131.
3, 337, 1307
List the prime factors of 1787974.
2, 23, 47, 827
What are the prime factors of 79984?
2, 4999
List the prime factors of 177906.
2, 3, 149, 199
List the prime factors of 397096.
2, 7, 1013
List the prime factors of 344712.
2, 3, 53, 271
What are the prime factors of 232104?
2, 3, 19, 509
What are the prime factors of 3856759?
293, 13163
What are the prime factors of 33471?
3, 3719
List the prime factors of 256498.
2, 11, 89, 131
What are the prime factors of 415540?
2, 5, 79, 263
List the prime factors of 1441592.
2, 79, 2281
What are the prime factors of 2322741?
3, 271, 2857
What are the prime factors of 567819?
3, 7, 9013
List the prime factors of 445311.
3, 16493
List the prime factors of 316842.
2, 3, 52807
List the prime factors of 236597.
197, 1201
What are the prime factors of 743026?
2, 371513
List the prime factors of 334665.
3, 5, 37, 67
List the prime factors of 2236284.
2, 3, 62119
List the prime factors of 1920521.
1920521
What are the prime factors of 174127?
31, 41, 137
What are the prime factors of 6139818?
2, 3, 347, 983
What are the prime factors of 722771?
7, 79, 1307
What are the prime factors of 3984024?
2, 3, 11, 15091
List the prime factors of 474399.
3, 52711
What are the prime factors of 255995?
5, 51199
List the prime factors of 2289075.
3, 5, 23, 1327
List the prime factors of 737094.
2, 3, 122849
What are the prime factors of 1480663?
1480663
List the prime factors of 1676883.
3, 13, 19, 31, 73
List the prime factors of 756137.
227, 3331
What are the prime factors of 2899761?
3, 19, 50873
List the prime factors of 137092.
2, 34273
List the prime factors of 21393032.
2, 269, 9941
What are the prime factors of 362573?
53, 6841
List the prime factors of 1053216.
2, 3, 23, 53
List the prime